{"id":108,"date":"2016-07-29T15:11:40","date_gmt":"2016-07-29T13:11:40","guid":{"rendered":"https:\/\/www.diocesi.lodi.it\/archivio\/?page_id=108"},"modified":"2025-04-02T09:42:15","modified_gmt":"2025-04-02T07:42:15","slug":"servizi-al-pubblico","status":"publish","type":"page","link":"https:\/\/www.diocesi.lodi.it\/archivio\/servizi-al-pubblico\/","title":{"rendered":"Servizi al Pubblico"},"content":{"rendered":"<p><img loading=\"lazy\" decoding=\"async\" class=\"alignleft wp-image-444 size-medium\" src=\"https:\/\/www.diocesi.lodi.it\/archivio\/wp-content\/uploads\/sites\/6\/2018\/12\/Archivio-Sala-studio-300x169.jpg\" alt=\"\" width=\"300\" height=\"169\" srcset=\"https:\/\/www.diocesi.lodi.it\/archivio\/wp-content\/uploads\/sites\/6\/2018\/12\/Archivio-Sala-studio-300x169.jpg 300w, https:\/\/www.diocesi.lodi.it\/archivio\/wp-content\/uploads\/sites\/6\/2018\/12\/Archivio-Sala-studio-768x432.jpg 768w, https:\/\/www.diocesi.lodi.it\/archivio\/wp-content\/uploads\/sites\/6\/2018\/12\/Archivio-Sala-studio.jpg 1024w, https:\/\/www.diocesi.lodi.it\/archivio\/wp-content\/uploads\/sites\/6\/2018\/12\/Archivio-Sala-studio-360x203.jpg 360w\" sizes=\"(max-width: 300px) 100vw, 300px\" \/><\/p>\n<p>L\u2019Archivio svolge la funzione di tutela e valorizzazione del patrimonio conservato, e favorisce la ricerca nella salvaguardia e rispetto dei documenti custoditi.<\/p>\n<p>I documenti d\u2019archivio contengono la memoria e l\u2019identit\u00e0 del territorio, rappresentano un bene della comunit\u00e0 da trasmettere alle generazioni future.<\/p>\n<p>Sono inoltre esemplari unici e facilmente deperibili. \u00c8 quindi necessaria ogni cautela per la loro conservazione nel tempo.<\/p>\n<p>\u00c8 questo il senso delle regole attivate all\u2019interno dei servizi, per le quali \u00e8 richiesta agli studiosi la massima collaborazione.<\/p>\n<p>&nbsp;<\/p>\n<h3>Apertura al pubblico<\/h3>\n<p>Gioved\u00ec ore 13.00-16.30<br \/>\nVenerd\u00ec ore 9.00-12.30; 13,30-16,30<\/p>\n<h3>Chiusura<\/h3>\n<p>Feste civili e religiose; tre settimane ad agosto.<br \/>\nLe date ordinarie e straordinarie di sospensione del servizio sono pubblicate con adeguato anticipo sul sito.<\/p>\n<p>&nbsp;<\/p>\n<h3>Consultazione<\/h3>\n<p><strong><img loading=\"lazy\" decoding=\"async\" class=\"wp-image-445 size-medium alignright\" src=\"https:\/\/www.diocesi.lodi.it\/archivio\/wp-content\/uploads\/sites\/6\/2018\/12\/Archivio-Sala-studio_2-300x169.jpg\" alt=\"\" width=\"300\" height=\"169\" srcset=\"https:\/\/www.diocesi.lodi.it\/archivio\/wp-content\/uploads\/sites\/6\/2018\/12\/Archivio-Sala-studio_2-300x169.jpg 300w, https:\/\/www.diocesi.lodi.it\/archivio\/wp-content\/uploads\/sites\/6\/2018\/12\/Archivio-Sala-studio_2-768x432.jpg 768w, https:\/\/www.diocesi.lodi.it\/archivio\/wp-content\/uploads\/sites\/6\/2018\/12\/Archivio-Sala-studio_2.jpg 1024w, https:\/\/www.diocesi.lodi.it\/archivio\/wp-content\/uploads\/sites\/6\/2018\/12\/Archivio-Sala-studio_2-360x203.jpg 360w\" sizes=\"(max-width: 300px) 100vw, 300px\" \/>L\u2019accesso<\/strong> in Archivio <strong>\u00e8 libero e gratuito<\/strong> ed \u00e8 consentito <strong>agli studiosi di maggiore et\u00e0<\/strong>.<\/p>\n<p>Per l\u2019iscrizione occorre compilare la richiesta di ammissione ed esibire un documento di identit\u00e0 valido.<\/p>\n<p>Le archiviste forniscono in Sala studio il servizio di consulenza necessario all\u2019orientamento della ricerca sui fondi conservati.<\/p>\n<p>Per disposizioni ecclesiastiche (in parte coincidenti con le leggi statali ed europee in materia di protezione dei dati sensibili), <strong>sono esclusi dalla consultazione i documenti degli ultimi settant\u2019anni<\/strong>. I riferimenti normativi sono il Dlgs 196 del 2003, ora sostituito dal <a href=\"https:\/\/www.diocesi.lodi.it\/archivio\/wp-content\/uploads\/sites\/6\/2018\/12\/REGOLAMENTO2016_679.pdf\" target=\"_blank\" rel=\"noopener\">regolamento Ue 679\/2016<\/a>, il <a href=\"https:\/\/www.diocesi.lodi.it\/archivio\/wp-content\/uploads\/sites\/6\/2018\/12\/Codice_deontologia.pdf\" target=\"_blank\" rel=\"noopener\">Codice di deontologia professionale<\/a>, il <a href=\"https:\/\/www.diocesi.lodi.it\/archivio\/wp-content\/uploads\/sites\/6\/2018\/12\/Decreto_documenti_riservati.pdf\" target=\"_blank\" rel=\"noopener\">Decreto del vescovo Merisi sulla pubblicazione dei dati riservati<\/a>, il <a href=\"https:\/\/www.diocesi.lodi.it\/archivio\/wp-content\/uploads\/sites\/6\/2018\/12\/Regolamento_archivio.pdf\" target=\"_blank\" rel=\"noopener\">Regolamento dell\u2019Archivio<\/a>\u00a0(Art. 35).<\/p>\n<p><strong>La consultazione \u00e8 individuale<\/strong>: solo la persona richiedente pu\u00f2 esaminare i documenti. Non \u00e8 consentito lo scambio dei materiali tra i diversi utenti.<\/p>\n<p><strong>Pu\u00f2 essere<\/strong> chiesto e <strong>visionato un solo faldone alla volta<\/strong>. Il tempo di consegna del materiale \u00e8 contestuale alla richiesta.<\/p>\n<p>I documenti sono consegnati fino a 30 minuti prima della chiusura.<\/p>\n<p><strong>I documenti vanno trattati con la massima attenzione<\/strong>: gli studiosi sono invitati a <strong>maneggiarli con cura<\/strong>, a <strong>non cambiare l\u2019ordine<\/strong> in cui si trovano, a <strong>non scrivervi o appoggiarvi nulla<\/strong>, a <strong>non smembrare i fascicoli<\/strong> sul tavolo.<\/p>\n<p><strong>Non \u00e8 permesso portare i documenti fuori dalla Sala<\/strong> di consultazione, n\u00e9 accedere direttamente ai depositi d\u2019archivio.<\/p>\n<p>Nella Sala di consultazione <strong>non \u00e8 possibile fumare, mangiare, bere<\/strong>.<\/p>\n<p><strong>Le borse, gli indumenti<\/strong> e altri oggetti voluminosi <strong>devono essere collocati negli<\/strong> <strong>armadietti<\/strong> dotati di chiave. Sul tavolo di consultazione si possono lasciare gli oggetti strettamente necessari. \u00c8 consentito l\u2019uso del computer portatile.<\/p>\n<p><strong>Gli appunti possono essere presi solo a matita e su fogli o block-notes di piccolo formato<\/strong>.<\/p>\n<p>Non \u00e8 possibile introdurre in Sala penne, pennarelli, evidenziatori, post-it e tutto ci\u00f2 che potrebbe rovinare i documenti.<\/p>\n<p>La Sala \u00e8 un luogo di studio e di lavoro, occorre quindi <strong>evitare ogni forma di disturbo<\/strong> (suonerie di cellulare, dialoghi a voce alta, ecc.).<\/p>\n<p><strong>Sono consultabili liberamente<\/strong>, a scaffale aperto, <strong>gli inventari e gli strumenti di ricerca<\/strong>.<\/p>\n<p>&nbsp;<\/p>\n<h3>Riproduzione<\/h3>\n<p><strong>\u00c8 possibile effettuare gratuitamente<\/strong>, dietro richiesta e compilazione di un modulo predisposto, <strong>la riproduzione fotografica con mezzi propri<\/strong>.<\/p>\n<p>La riproduzione avviene esclusivamente nella sede dell\u2019Archivio.<\/p>\n<p><strong>La riproduzione di interi fondi dell\u2019Archivio o di parti notevoli di essi \u00e8 di regola vietata<\/strong>.<\/p>\n<p>&nbsp;<\/p>\n<h3>Pubblicazione di immagini<\/h3>\n<p>La pubblicazione di immagini dei documenti \u00e8 autorizzata dal direttore dietro richiesta scritta.<\/p>\n<p>&nbsp;<\/p>\n<h3>Biblioteca<\/h3>\n<p>La biblioteca dell\u2019Archivio \u00e8 a disposizione degli studiosi. <strong>I libri sono consultabili a scaffale aperto<\/strong>. Non si effettua il servizio di prestito.<\/p>\n<p>&nbsp;<\/p>\n<h3>Ricerche per corrispondenza<\/h3>\n<p><strong>Le richieste di consulenza devono essere inoltrate per email <\/strong>(<a href=\"mailto:archivio@diocesi.lodi.it\">archivio@diocesi.lodi.it<\/a>)<strong> o richieste telefonicamente <\/strong>al numero 0371.948160.<\/p>\n<p><strong>Il personale<\/strong> dell\u2019Archivio <strong>\u00e8 autorizzato a effettuare<\/strong> in orario di servizio, e dietro richiesta motivata, solo <strong>ricerche circoscritte e puntuali, riferite a<\/strong> <strong>singoli atti o fascicoli di facile reperibilit\u00e0<\/strong> (si consiglia di fornire, quando possibile, la corretta segnatura archivistica).<\/p>\n<p>Per le ricerche genealogiche si rimanda alla <a href=\"https:\/\/www.diocesi.lodi.it\/archivio\/?page_id=293\">pagina dedicata<\/a><\/p>\n<h3>Regolamento<\/h3>\n<p>Scarica qui il regolamento in formato <a href=\"https:\/\/www.diocesi.lodi.it\/archivio\/wp-content\/uploads\/sites\/6\/2018\/11\/Decreto_appr_reg_archivio.pdf\" target=\"_blank\" rel=\"noopener\"><strong>.PDF<\/strong><\/a><\/p>\n<p>&nbsp;<\/p>\n","protected":false},"excerpt":{"rendered":"<p>L\u2019Archivio svolge la funzione di tutela e valorizzazione del patrimonio conservato, e favorisce la ricerca nella salvaguardia e rispetto dei documenti custoditi. I documenti d\u2019archivio contengono la memoria e l\u2019identit\u00e0 del territorio, rappresentano un bene della comunit\u00e0 da trasmettere alle generazioni future. Sono inoltre esemplari unici e facilmente deperibili. \u00c8 quindi necessaria ogni cautela per [&hellip;]<\/p>\n","protected":false},"author":0,"featured_media":0,"parent":0,"menu_order":0,"comment_status":"closed","ping_status":"closed","template":"","meta":{"_acf_changed":false,"ip_address":"","user_agent":"","level":"","revision":"","cookie_id":"","page_referer":"","html_form":"","footnotes":""},"acf":[],"yoast_head":"<!-- This site is optimized with the Yoast SEO plugin v22.3 - https:\/\/yoast.com\/wordpress\/plugins\/seo\/ -->\n<title>Servizi al Pubblico - Archivio Storico Diocesano<\/title>\n<meta name=\"robots\" content=\"index, follow, max-snippet:-1, max-image-preview:large, max-video-preview:-1\" \/>\n<link rel=\"canonical\" href=\"https:\/\/www.diocesi.lodi.it\/archivio\/servizi-al-pubblico\/\" \/>\n<meta property=\"og:locale\" content=\"it_IT\" \/>\n<meta property=\"og:type\" content=\"article\" \/>\n<meta property=\"og:title\" content=\"Servizi al Pubblico - Archivio Storico Diocesano\" \/>\n<meta property=\"og:description\" content=\"L\u2019Archivio svolge la funzione di tutela e valorizzazione del patrimonio conservato, e favorisce la ricerca nella salvaguardia e rispetto dei documenti custoditi. I documenti d\u2019archivio contengono la memoria e l\u2019identit\u00e0 del territorio, rappresentano un bene della comunit\u00e0 da trasmettere alle generazioni future. Sono inoltre esemplari unici e facilmente deperibili. \u00c8 quindi necessaria ogni cautela per [&hellip;]\" \/>\n<meta property=\"og:url\" content=\"https:\/\/www.diocesi.lodi.it\/archivio\/servizi-al-pubblico\/\" \/>\n<meta property=\"og:site_name\" content=\"Archivio Storico Diocesano\" \/>\n<meta property=\"article:modified_time\" content=\"2025-04-02T07:42:15+00:00\" \/>\n<meta property=\"og:image\" content=\"https:\/\/www.diocesi.lodi.it\/archivio\/wp-content\/uploads\/sites\/6\/2018\/12\/Archivio-Sala-studio-300x169.jpg\" \/>\n<meta name=\"twitter:card\" content=\"summary_large_image\" \/>\n<meta name=\"twitter:label1\" content=\"Tempo di lettura stimato\" \/>\n\t<meta name=\"twitter:data1\" content=\"4 minuti\" \/>\n<script type=\"application\/ld+json\" class=\"yoast-schema-graph\">{\"@context\":\"https:\/\/schema.org\",\"@graph\":[{\"@type\":\"WebPage\",\"@id\":\"https:\/\/www.diocesi.lodi.it\/archivio\/servizi-al-pubblico\/\",\"url\":\"https:\/\/www.diocesi.lodi.it\/archivio\/servizi-al-pubblico\/\",\"name\":\"Servizi al Pubblico - Archivio Storico Diocesano\",\"isPartOf\":{\"@id\":\"https:\/\/www.diocesi.lodi.it\/archivio\/#website\"},\"primaryImageOfPage\":{\"@id\":\"https:\/\/www.diocesi.lodi.it\/archivio\/servizi-al-pubblico\/#primaryimage\"},\"image\":{\"@id\":\"https:\/\/www.diocesi.lodi.it\/archivio\/servizi-al-pubblico\/#primaryimage\"},\"thumbnailUrl\":\"https:\/\/www.diocesi.lodi.it\/archivio\/wp-content\/uploads\/sites\/6\/2018\/12\/Archivio-Sala-studio-300x169.jpg\",\"datePublished\":\"2016-07-29T13:11:40+00:00\",\"dateModified\":\"2025-04-02T07:42:15+00:00\",\"breadcrumb\":{\"@id\":\"https:\/\/www.diocesi.lodi.it\/archivio\/servizi-al-pubblico\/#breadcrumb\"},\"inLanguage\":\"it-IT\",\"potentialAction\":[{\"@type\":\"ReadAction\",\"target\":[\"https:\/\/www.diocesi.lodi.it\/archivio\/servizi-al-pubblico\/\"]}]},{\"@type\":\"ImageObject\",\"inLanguage\":\"it-IT\",\"@id\":\"https:\/\/www.diocesi.lodi.it\/archivio\/servizi-al-pubblico\/#primaryimage\",\"url\":\"https:\/\/www.diocesi.lodi.it\/archivio\/wp-content\/uploads\/sites\/6\/2018\/12\/Archivio-Sala-studio.jpg\",\"contentUrl\":\"https:\/\/www.diocesi.lodi.it\/archivio\/wp-content\/uploads\/sites\/6\/2018\/12\/Archivio-Sala-studio.jpg\",\"width\":1024,\"height\":576},{\"@type\":\"BreadcrumbList\",\"@id\":\"https:\/\/www.diocesi.lodi.it\/archivio\/servizi-al-pubblico\/#breadcrumb\",\"itemListElement\":[{\"@type\":\"ListItem\",\"position\":1,\"name\":\"Home\",\"item\":\"https:\/\/www.diocesi.lodi.it\/archivio\/\"},{\"@type\":\"ListItem\",\"position\":2,\"name\":\"Servizi al Pubblico\"}]},{\"@type\":\"WebSite\",\"@id\":\"https:\/\/www.diocesi.lodi.it\/archivio\/#website\",\"url\":\"https:\/\/www.diocesi.lodi.it\/archivio\/\",\"name\":\"Archivio Storico Diocesano\",\"description\":\"Diocesi di Lodi\",\"publisher\":{\"@id\":\"https:\/\/www.diocesi.lodi.it\/archivio\/#organization\"},\"potentialAction\":[{\"@type\":\"SearchAction\",\"target\":{\"@type\":\"EntryPoint\",\"urlTemplate\":\"https:\/\/www.diocesi.lodi.it\/archivio\/?s={search_term_string}\"},\"query-input\":\"required name=search_term_string\"}],\"inLanguage\":\"it-IT\"},{\"@type\":\"Organization\",\"@id\":\"https:\/\/www.diocesi.lodi.it\/archivio\/#organization\",\"name\":\"Archivio Storico Diocesano\",\"url\":\"https:\/\/www.diocesi.lodi.it\/archivio\/\",\"logo\":{\"@type\":\"ImageObject\",\"inLanguage\":\"it-IT\",\"@id\":\"https:\/\/www.diocesi.lodi.it\/archivio\/#\/schema\/logo\/image\/\",\"url\":\"https:\/\/www.diocesi.lodi.it\/archivio\/wp-content\/uploads\/sites\/6\/2023\/10\/lodi-ico.png\",\"contentUrl\":\"https:\/\/www.diocesi.lodi.it\/archivio\/wp-content\/uploads\/sites\/6\/2023\/10\/lodi-ico.png\",\"width\":191,\"height\":190,\"caption\":\"Archivio Storico Diocesano\"},\"image\":{\"@id\":\"https:\/\/www.diocesi.lodi.it\/archivio\/#\/schema\/logo\/image\/\"}}]}<\/script>\n<!-- \/ Yoast SEO plugin. -->","yoast_head_json":{"title":"Servizi al Pubblico - Archivio Storico Diocesano","robots":{"index":"index","follow":"follow","max-snippet":"max-snippet:-1","max-image-preview":"max-image-preview:large","max-video-preview":"max-video-preview:-1"},"canonical":"https:\/\/www.diocesi.lodi.it\/archivio\/servizi-al-pubblico\/","og_locale":"it_IT","og_type":"article","og_title":"Servizi al Pubblico - Archivio Storico Diocesano","og_description":"L\u2019Archivio svolge la funzione di tutela e valorizzazione del patrimonio conservato, e favorisce la ricerca nella salvaguardia e rispetto dei documenti custoditi. I documenti d\u2019archivio contengono la memoria e l\u2019identit\u00e0 del territorio, rappresentano un bene della comunit\u00e0 da trasmettere alle generazioni future. Sono inoltre esemplari unici e facilmente deperibili. \u00c8 quindi necessaria ogni cautela per [&hellip;]","og_url":"https:\/\/www.diocesi.lodi.it\/archivio\/servizi-al-pubblico\/","og_site_name":"Archivio Storico Diocesano","article_modified_time":"2025-04-02T07:42:15+00:00","og_image":[{"url":"https:\/\/www.diocesi.lodi.it\/archivio\/wp-content\/uploads\/sites\/6\/2018\/12\/Archivio-Sala-studio-300x169.jpg"}],"twitter_card":"summary_large_image","twitter_misc":{"Tempo di lettura stimato":"4 minuti"},"schema":{"@context":"https:\/\/schema.org","@graph":[{"@type":"WebPage","@id":"https:\/\/www.diocesi.lodi.it\/archivio\/servizi-al-pubblico\/","url":"https:\/\/www.diocesi.lodi.it\/archivio\/servizi-al-pubblico\/","name":"Servizi al Pubblico - Archivio Storico Diocesano","isPartOf":{"@id":"https:\/\/www.diocesi.lodi.it\/archivio\/#website"},"primaryImageOfPage":{"@id":"https:\/\/www.diocesi.lodi.it\/archivio\/servizi-al-pubblico\/#primaryimage"},"image":{"@id":"https:\/\/www.diocesi.lodi.it\/archivio\/servizi-al-pubblico\/#primaryimage"},"thumbnailUrl":"https:\/\/www.diocesi.lodi.it\/archivio\/wp-content\/uploads\/sites\/6\/2018\/12\/Archivio-Sala-studio-300x169.jpg","datePublished":"2016-07-29T13:11:40+00:00","dateModified":"2025-04-02T07:42:15+00:00","breadcrumb":{"@id":"https:\/\/www.diocesi.lodi.it\/archivio\/servizi-al-pubblico\/#breadcrumb"},"inLanguage":"it-IT","potentialAction":[{"@type":"ReadAction","target":["https:\/\/www.diocesi.lodi.it\/archivio\/servizi-al-pubblico\/"]}]},{"@type":"ImageObject","inLanguage":"it-IT","@id":"https:\/\/www.diocesi.lodi.it\/archivio\/servizi-al-pubblico\/#primaryimage","url":"https:\/\/www.diocesi.lodi.it\/archivio\/wp-content\/uploads\/sites\/6\/2018\/12\/Archivio-Sala-studio.jpg","contentUrl":"https:\/\/www.diocesi.lodi.it\/archivio\/wp-content\/uploads\/sites\/6\/2018\/12\/Archivio-Sala-studio.jpg","width":1024,"height":576},{"@type":"BreadcrumbList","@id":"https:\/\/www.diocesi.lodi.it\/archivio\/servizi-al-pubblico\/#breadcrumb","itemListElement":[{"@type":"ListItem","position":1,"name":"Home","item":"https:\/\/www.diocesi.lodi.it\/archivio\/"},{"@type":"ListItem","position":2,"name":"Servizi al Pubblico"}]},{"@type":"WebSite","@id":"https:\/\/www.diocesi.lodi.it\/archivio\/#website","url":"https:\/\/www.diocesi.lodi.it\/archivio\/","name":"Archivio Storico Diocesano","description":"Diocesi di Lodi","publisher":{"@id":"https:\/\/www.diocesi.lodi.it\/archivio\/#organization"},"potentialAction":[{"@type":"SearchAction","target":{"@type":"EntryPoint","urlTemplate":"https:\/\/www.diocesi.lodi.it\/archivio\/?s={search_term_string}"},"query-input":"required name=search_term_string"}],"inLanguage":"it-IT"},{"@type":"Organization","@id":"https:\/\/www.diocesi.lodi.it\/archivio\/#organization","name":"Archivio Storico Diocesano","url":"https:\/\/www.diocesi.lodi.it\/archivio\/","logo":{"@type":"ImageObject","inLanguage":"it-IT","@id":"https:\/\/www.diocesi.lodi.it\/archivio\/#\/schema\/logo\/image\/","url":"https:\/\/www.diocesi.lodi.it\/archivio\/wp-content\/uploads\/sites\/6\/2023\/10\/lodi-ico.png","contentUrl":"https:\/\/www.diocesi.lodi.it\/archivio\/wp-content\/uploads\/sites\/6\/2023\/10\/lodi-ico.png","width":191,"height":190,"caption":"Archivio Storico Diocesano"},"image":{"@id":"https:\/\/www.diocesi.lodi.it\/archivio\/#\/schema\/logo\/image\/"}}]}},"publishpress_future_action":{"enabled":false,"date":"2026-05-07 07:26:08","action":"change-status","newStatus":"draft","terms":[],"taxonomy":""},"_links":{"self":[{"href":"https:\/\/www.diocesi.lodi.it\/archivio\/wp-json\/wp\/v2\/pages\/108"}],"collection":[{"href":"https:\/\/www.diocesi.lodi.it\/archivio\/wp-json\/wp\/v2\/pages"}],"about":[{"href":"https:\/\/www.diocesi.lodi.it\/archivio\/wp-json\/wp\/v2\/types\/page"}],"author":[{"embeddable":true,"href":"https:\/\/www.diocesi.lodi.it\/archivio\/wp-json\/wp\/v2\/users\/7"}],"replies":[{"embeddable":true,"href":"https:\/\/www.diocesi.lodi.it\/archivio\/wp-json\/wp\/v2\/comments?post=108"}],"version-history":[{"count":5,"href":"https:\/\/www.diocesi.lodi.it\/archivio\/wp-json\/wp\/v2\/pages\/108\/revisions"}],"predecessor-version":[{"id":1053,"href":"https:\/\/www.diocesi.lodi.it\/archivio\/wp-json\/wp\/v2\/pages\/108\/revisions\/1053"}],"wp:attachment":[{"href":"https:\/\/www.diocesi.lodi.it\/archivio\/wp-json\/wp\/v2\/media?parent=108"}],"curies":[{"name":"wp","href":"https:\/\/api.w.org\/{rel}","templated":true}]}}