{"id":25,"date":"2024-11-15T12:08:51","date_gmt":"2024-11-15T11:08:51","guid":{"rendered":"https:\/\/www.diocesi.lodi.it\/giubileo2025\/?page_id=25"},"modified":"2024-11-19T12:27:29","modified_gmt":"2024-11-19T11:27:29","slug":"inno-del-giubileo","status":"publish","type":"page","link":"https:\/\/www.diocesi.lodi.it\/giubileo2025\/inno-del-giubileo\/","title":{"rendered":"Inno del Giubileo"},"content":{"rendered":"<p><iframe loading=\"lazy\" title=\"Inno Ufficiale del Giubileo 2025 - &quot;Pellegrini di Speranza&quot;\" width=\"500\" height=\"281\" src=\"https:\/\/www.youtube.com\/embed\/xQNCSeykhFk?feature=oembed\" frameborder=\"0\" allow=\"accelerometer; autoplay; clipboard-write; encrypted-media; gyroscope; picture-in-picture; web-share\" referrerpolicy=\"strict-origin-when-cross-origin\" allowfullscreen><\/iframe><\/p>\n<h3 style=\"text-align: center\"><b>Pellegrini di speranza<\/b><\/h3>\n<p style=\"text-align: center\"><em>Testo di Pierangelo Sequeri<\/em><\/p>\n<p style=\"text-align: center\">\n<p style=\"text-align: center\"><b>Fiamma viva della mia speranza<\/b><\/p>\n<p style=\"text-align: center\"><b>questo canto giunga fino a Te!<\/b><\/p>\n<p style=\"text-align: center\"><b>Grembo eterno d\u2019infinita vita<\/b><\/p>\n<p style=\"text-align: center\"><b>nel cammino io confido in Te.<\/b><\/p>\n<p style=\"text-align: center\">\n<p style=\"text-align: center\">Ogni lingua, popolo e nazione<\/p>\n<p style=\"text-align: center\">trova luce nella tua Parola.<\/p>\n<p style=\"text-align: center\">Figli e figlie fragili e dispersi<\/p>\n<p style=\"text-align: center\">sono accolti nel tuo Figlio amato.<\/p>\n<p style=\"text-align: center\">\n<p style=\"text-align: center\"><b>Fiamma viva della mia speranza<\/b><\/p>\n<p style=\"text-align: center\"><b>questo canto giunga fino a Te!<\/b><\/p>\n<p style=\"text-align: center\"><b>Grembo eterno d\u2019infinita vita<\/b><\/p>\n<p style=\"text-align: center\"><b>nel cammino io confido in Te.<\/b><\/p>\n<p style=\"text-align: center\">\n<p style=\"text-align: center\">Dio ci guarda, tenero e paziente:<\/p>\n<p style=\"text-align: center\">nasce l\u2019alba di un futuro nuovo.<\/p>\n<p style=\"text-align: center\">Nuovi Cieli Terra fatta nuova:<\/p>\n<p style=\"text-align: center\">passa i muri Spirito di vita.<\/p>\n<p style=\"text-align: center\">\n<p style=\"text-align: center\"><b>Fiamma viva della mia speranza<\/b><\/p>\n<p style=\"text-align: center\"><b>questo canto giunga fino a Te!<\/b><\/p>\n<p style=\"text-align: center\"><b>Grembo eterno d\u2019infinita vita<\/b><\/p>\n<p style=\"text-align: center\"><b>nel cammino io confido in Te.<\/b><\/p>\n<p style=\"text-align: center\">\n<p style=\"text-align: center\">Alza gli occhi, muoviti col vento,<\/p>\n<p style=\"text-align: center\">serra il passo: viene Dio, nel tempo.<\/p>\n<p style=\"text-align: center\">Guarda il Figlio che s\u2019\u00e8 fatto Uomo:<\/p>\n<p style=\"text-align: center\">mille e mille trovano la via.<\/p>\n<p style=\"text-align: center\">\n<p style=\"text-align: center\"><b>Fiamma viva della mia speranza<\/b><\/p>\n<p style=\"text-align: center\"><b>questo canto giunga fino a Te!<\/b><\/p>\n<p style=\"text-align: center\"><b>Grembo eterno d\u2019infinita vita<\/b><\/p>\n<p style=\"text-align: center\"><b>nel cammino io confido in Te.<\/b><\/p>\n<p>&nbsp;<\/p>\n<p>Durante il cammino, molto spesso affiora sulle labbra il canto, quasi sia un compagno fidato nell\u2019esprimere i motivi del viandante. Questo vale pure per la vita della fede che \u00e8 un pellegrinaggio alla luce del Signore Risorto. Le Sacre Scritture sono intrise di canto e i Salmi ne sono un esempio eclatante: le preghiere del popolo di Israele erano scritte per essere cantate, e nel canto presentare davanti al Signore le vicende pi\u00f9 umane. La tradizione della Chiesa non fa che prolungare questo connubio, facendo del canto e della musica uno dei polmoni della propria liturgia. Il Giubileo, che di per s\u00e9 si esprime come evento di popolo in pellegrinaggio verso la Porta Santa, trova anch\u2019esso nel canto uno dei modi per dare voce al proprio motto, \u201cPellegrini di speranza\u201d.<\/p>\n<p>Il testo preparato da Pierangelo Sequeri, e musicato da Francesco Meneghello, intercetta i numerosi temi dell\u2019Anno santo. Innanzitutto il motto, \u201cPellegrini di speranza\u201d, trova la migliore eco biblica in alcune pagine del profeta Isaia (Isaia 9 e Isaia 60). I temi della creazione, della fraternit\u00e0, della tenerezza di Dio e della speranza nella destinazione risuonano in una lingua che non \u00e8 \u201ctecnicamente\u201d teologica, bench\u00e9 lo sia nella sostanza e nelle allusioni, cos\u00ec da farla risuonare eloquente alle orecchie del nostro tempo.<\/p>\n<p>Passo dopo passo, il popolo dei credenti nel pellegrinaggio di ogni giorno si appoggia confidente alla fonte della Vita. Il canto che sorga spontaneo durante il cammino (cf. Agostino,\u00a0<i>Discorsi<\/i>, 256) \u00e8 rivolto a Dio. \u00c8 un canto carico della speranza di essere liberati e sostenuti. \u00c8 un canto accompagnato dall\u2019augurio che giunga alle orecchie di Colui che lo fa sgorgare. \u00c8 Dio che come fiamma sempre viva tiene accesa la speranza e d\u00e0 energia al passo del popolo che cammina.<\/p>\n<p>Il profeta Isaia a pi\u00f9 riprese vede la famiglia degli uomini e delle donne, figli e figlie, che tornano dalla loro dispersione, raccolti alla luce della Parola di Dio: \u201cIl popolo che camminava nelle tenebre ha visto una grande luce\u201d (Isaia 9,1). La luce \u00e8 quella del Figlio fatto Uomo, Ges\u00f9, che con la propria Parola raccoglie ogni popolo e nazione. \u00c8 la fiamma viva di Ges\u00f9 che muove il passo: \u201c\u00c1lzati, rivestiti di luce, perch\u00e9 viene la tua luce, la gloria del Signore brilla sopra di te\u201d (Isaia, 60,1).<\/p>\n<p>La speranza cristiana \u00e8 dinamica e illumina il pellegrinaggio della vita, mostrando il volto dei fratelli e delle sorelle, compagni nel cammino. Non \u00e8 un vagabondare da lupi solitari, ma un cammino di popolo, confidente e lieto, che si muove verso una destinazione Nuova. Il soffio dello Spirito di vita non manca di rischiarare l\u2019alba del futuro che si appresta a sorgere. Il Padre celeste osserva con pazienza e tenerezza il pellegrinaggio dei suoi figli e spalanca loro la Via, indicando Ges\u00f9, il suo Figlio, che diventa spazio di cammino per tutti.<\/p>\n","protected":false},"excerpt":{"rendered":"<p>Pellegrini di speranza Testo di Pierangelo Sequeri Fiamma viva della mia speranza questo canto giunga fino a Te! Grembo eterno d\u2019infinita vita nel cammino io confido in Te. Ogni lingua, popolo e nazione trova luce nella tua Parola. Figli e figlie fragili e dispersi sono accolti nel tuo Figlio amato. Fiamma viva della mia speranza [&hellip;]<\/p>\n","protected":false},"author":0,"featured_media":0,"parent":0,"menu_order":0,"comment_status":"closed","ping_status":"closed","template":"","meta":{"_acf_changed":false,"ip_address":"","user_agent":"","level":"","revision":"","cookie_id":"","page_referer":"","html_form":"","footnotes":""},"acf":{"seed-localization-paese-cod":"","seed-localization-address":"","seed-localization-citta":"","seed-localization-regione-cod-istat":"","seed-localization-citta-cod-istat":"","seed-localization-localita":"","seed-localization-cap":"","seed-localization-geo":{"lat":41.90552298770031,"lng":12.509441971778871,"zoom":10,"markers":[],"address":"","layers":["OpenStreetMap.Mapnik"]},"seed-localization-marker-visibility":false,"seed-localization-children-visibility":false,"seed-localization-kml":null,"seed-localization-custom-marker":null},"yoast_head":"<!-- This site is optimized with the Yoast SEO plugin v22.3 - https:\/\/yoast.com\/wordpress\/plugins\/seo\/ -->\n<title>Inno del Giubileo - Giubileo 2025<\/title>\n<meta name=\"robots\" content=\"index, follow, max-snippet:-1, max-image-preview:large, max-video-preview:-1\" \/>\n<link rel=\"canonical\" href=\"https:\/\/www.diocesi.lodi.it\/giubileo2025\/inno-del-giubileo\/\" \/>\n<meta property=\"og:locale\" content=\"it_IT\" \/>\n<meta property=\"og:type\" content=\"article\" \/>\n<meta property=\"og:title\" content=\"Inno del Giubileo - Giubileo 2025\" \/>\n<meta property=\"og:description\" content=\"Pellegrini di speranza Testo di Pierangelo Sequeri Fiamma viva della mia speranza questo canto giunga fino a Te! Grembo eterno d\u2019infinita vita nel cammino io confido in Te. Ogni lingua, popolo e nazione trova luce nella tua Parola. Figli e figlie fragili e dispersi sono accolti nel tuo Figlio amato. Fiamma viva della mia speranza [&hellip;]\" \/>\n<meta property=\"og:url\" content=\"https:\/\/www.diocesi.lodi.it\/giubileo2025\/inno-del-giubileo\/\" \/>\n<meta property=\"og:site_name\" content=\"Giubileo 2025\" \/>\n<meta property=\"article:modified_time\" content=\"2024-11-19T11:27:29+00:00\" \/>\n<meta name=\"twitter:card\" content=\"summary_large_image\" \/>\n<meta name=\"twitter:label1\" content=\"Tempo di lettura stimato\" \/>\n\t<meta name=\"twitter:data1\" content=\"4 minuti\" \/>\n<script type=\"application\/ld+json\" class=\"yoast-schema-graph\">{\"@context\":\"https:\/\/schema.org\",\"@graph\":[{\"@type\":\"WebPage\",\"@id\":\"https:\/\/www.diocesi.lodi.it\/giubileo2025\/inno-del-giubileo\/\",\"url\":\"https:\/\/www.diocesi.lodi.it\/giubileo2025\/inno-del-giubileo\/\",\"name\":\"Inno del Giubileo - Giubileo 2025\",\"isPartOf\":{\"@id\":\"https:\/\/www.diocesi.lodi.it\/giubileo2025\/#website\"},\"datePublished\":\"2024-11-15T11:08:51+00:00\",\"dateModified\":\"2024-11-19T11:27:29+00:00\",\"breadcrumb\":{\"@id\":\"https:\/\/www.diocesi.lodi.it\/giubileo2025\/inno-del-giubileo\/#breadcrumb\"},\"inLanguage\":\"it-IT\",\"potentialAction\":[{\"@type\":\"ReadAction\",\"target\":[\"https:\/\/www.diocesi.lodi.it\/giubileo2025\/inno-del-giubileo\/\"]}]},{\"@type\":\"BreadcrumbList\",\"@id\":\"https:\/\/www.diocesi.lodi.it\/giubileo2025\/inno-del-giubileo\/#breadcrumb\",\"itemListElement\":[{\"@type\":\"ListItem\",\"position\":1,\"name\":\"Home\",\"item\":\"https:\/\/www.diocesi.lodi.it\/giubileo2025\/\"},{\"@type\":\"ListItem\",\"position\":2,\"name\":\"Inno del Giubileo\"}]},{\"@type\":\"WebSite\",\"@id\":\"https:\/\/www.diocesi.lodi.it\/giubileo2025\/#website\",\"url\":\"https:\/\/www.diocesi.lodi.it\/giubileo2025\/\",\"name\":\"Giubileo 2025\",\"description\":\"Diocesi di Lodi\",\"publisher\":{\"@id\":\"https:\/\/www.diocesi.lodi.it\/giubileo2025\/#organization\"},\"potentialAction\":[{\"@type\":\"SearchAction\",\"target\":{\"@type\":\"EntryPoint\",\"urlTemplate\":\"https:\/\/www.diocesi.lodi.it\/giubileo2025\/?s={search_term_string}\"},\"query-input\":\"required name=search_term_string\"}],\"inLanguage\":\"it-IT\"},{\"@type\":\"Organization\",\"@id\":\"https:\/\/www.diocesi.lodi.it\/giubileo2025\/#organization\",\"name\":\"Giubileo 2025\",\"url\":\"https:\/\/www.diocesi.lodi.it\/giubileo2025\/\",\"logo\":{\"@type\":\"ImageObject\",\"inLanguage\":\"it-IT\",\"@id\":\"https:\/\/www.diocesi.lodi.it\/giubileo2025\/#\/schema\/logo\/image\/\",\"url\":\"https:\/\/www.diocesi.lodi.it\/giubileo2025\/wp-content\/uploads\/sites\/17\/2024\/11\/Logo_Grande_Giubileo_2025_Iubilaeum_A.D._MMXXV.png\",\"contentUrl\":\"https:\/\/www.diocesi.lodi.it\/giubileo2025\/wp-content\/uploads\/sites\/17\/2024\/11\/Logo_Grande_Giubileo_2025_Iubilaeum_A.D._MMXXV.png\",\"width\":220,\"height\":220,\"caption\":\"Giubileo 2025\"},\"image\":{\"@id\":\"https:\/\/www.diocesi.lodi.it\/giubileo2025\/#\/schema\/logo\/image\/\"}}]}<\/script>\n<!-- \/ Yoast SEO plugin. -->","yoast_head_json":{"title":"Inno del Giubileo - Giubileo 2025","robots":{"index":"index","follow":"follow","max-snippet":"max-snippet:-1","max-image-preview":"max-image-preview:large","max-video-preview":"max-video-preview:-1"},"canonical":"https:\/\/www.diocesi.lodi.it\/giubileo2025\/inno-del-giubileo\/","og_locale":"it_IT","og_type":"article","og_title":"Inno del Giubileo - Giubileo 2025","og_description":"Pellegrini di speranza Testo di Pierangelo Sequeri Fiamma viva della mia speranza questo canto giunga fino a Te! Grembo eterno d\u2019infinita vita nel cammino io confido in Te. Ogni lingua, popolo e nazione trova luce nella tua Parola. Figli e figlie fragili e dispersi sono accolti nel tuo Figlio amato. Fiamma viva della mia speranza [&hellip;]","og_url":"https:\/\/www.diocesi.lodi.it\/giubileo2025\/inno-del-giubileo\/","og_site_name":"Giubileo 2025","article_modified_time":"2024-11-19T11:27:29+00:00","twitter_card":"summary_large_image","twitter_misc":{"Tempo di lettura stimato":"4 minuti"},"schema":{"@context":"https:\/\/schema.org","@graph":[{"@type":"WebPage","@id":"https:\/\/www.diocesi.lodi.it\/giubileo2025\/inno-del-giubileo\/","url":"https:\/\/www.diocesi.lodi.it\/giubileo2025\/inno-del-giubileo\/","name":"Inno del Giubileo - Giubileo 2025","isPartOf":{"@id":"https:\/\/www.diocesi.lodi.it\/giubileo2025\/#website"},"datePublished":"2024-11-15T11:08:51+00:00","dateModified":"2024-11-19T11:27:29+00:00","breadcrumb":{"@id":"https:\/\/www.diocesi.lodi.it\/giubileo2025\/inno-del-giubileo\/#breadcrumb"},"inLanguage":"it-IT","potentialAction":[{"@type":"ReadAction","target":["https:\/\/www.diocesi.lodi.it\/giubileo2025\/inno-del-giubileo\/"]}]},{"@type":"BreadcrumbList","@id":"https:\/\/www.diocesi.lodi.it\/giubileo2025\/inno-del-giubileo\/#breadcrumb","itemListElement":[{"@type":"ListItem","position":1,"name":"Home","item":"https:\/\/www.diocesi.lodi.it\/giubileo2025\/"},{"@type":"ListItem","position":2,"name":"Inno del Giubileo"}]},{"@type":"WebSite","@id":"https:\/\/www.diocesi.lodi.it\/giubileo2025\/#website","url":"https:\/\/www.diocesi.lodi.it\/giubileo2025\/","name":"Giubileo 2025","description":"Diocesi di Lodi","publisher":{"@id":"https:\/\/www.diocesi.lodi.it\/giubileo2025\/#organization"},"potentialAction":[{"@type":"SearchAction","target":{"@type":"EntryPoint","urlTemplate":"https:\/\/www.diocesi.lodi.it\/giubileo2025\/?s={search_term_string}"},"query-input":"required name=search_term_string"}],"inLanguage":"it-IT"},{"@type":"Organization","@id":"https:\/\/www.diocesi.lodi.it\/giubileo2025\/#organization","name":"Giubileo 2025","url":"https:\/\/www.diocesi.lodi.it\/giubileo2025\/","logo":{"@type":"ImageObject","inLanguage":"it-IT","@id":"https:\/\/www.diocesi.lodi.it\/giubileo2025\/#\/schema\/logo\/image\/","url":"https:\/\/www.diocesi.lodi.it\/giubileo2025\/wp-content\/uploads\/sites\/17\/2024\/11\/Logo_Grande_Giubileo_2025_Iubilaeum_A.D._MMXXV.png","contentUrl":"https:\/\/www.diocesi.lodi.it\/giubileo2025\/wp-content\/uploads\/sites\/17\/2024\/11\/Logo_Grande_Giubileo_2025_Iubilaeum_A.D._MMXXV.png","width":220,"height":220,"caption":"Giubileo 2025"},"image":{"@id":"https:\/\/www.diocesi.lodi.it\/giubileo2025\/#\/schema\/logo\/image\/"}}]}},"_links":{"self":[{"href":"https:\/\/www.diocesi.lodi.it\/giubileo2025\/wp-json\/wp\/v2\/pages\/25"}],"collection":[{"href":"https:\/\/www.diocesi.lodi.it\/giubileo2025\/wp-json\/wp\/v2\/pages"}],"about":[{"href":"https:\/\/www.diocesi.lodi.it\/giubileo2025\/wp-json\/wp\/v2\/types\/page"}],"author":[{"embeddable":true,"href":"https:\/\/www.diocesi.lodi.it\/giubileo2025\/wp-json\/wp\/v2\/users\/16"}],"replies":[{"embeddable":true,"href":"https:\/\/www.diocesi.lodi.it\/giubileo2025\/wp-json\/wp\/v2\/comments?post=25"}],"version-history":[{"count":2,"href":"https:\/\/www.diocesi.lodi.it\/giubileo2025\/wp-json\/wp\/v2\/pages\/25\/revisions"}],"predecessor-version":[{"id":83,"href":"https:\/\/www.diocesi.lodi.it\/giubileo2025\/wp-json\/wp\/v2\/pages\/25\/revisions\/83"}],"wp:attachment":[{"href":"https:\/\/www.diocesi.lodi.it\/giubileo2025\/wp-json\/wp\/v2\/media?parent=25"}],"curies":[{"name":"wp","href":"https:\/\/api.w.org\/{rel}","templated":true}]}}